 1730 + 1?
1731
In base 11, what is -9 - -3?
-6
In base 13, what is 76 + -9?
6a
In base 14, what is -506 - -11?
-4d5
In base 14, what is 3 + -211?
-20c
In base 5, what is -1224 + -100?
-1324
In base 16, what is -e5 - b?
-f0
In base 8, what is 16 - 43?
-25
In base 15, what is 11 + 5e5?
606
In base 4, what is 222 + 1011?
1233
In base 14, what is 3 + 8a?
8d
In base 10, what is -1 - 4097?
-4098
In base 7, what is 0 + -35?
-35
In base 16, what is 5 - 1a?
-15
In base 8, what is 534 + 4?
540
In base 4, what is -213 - 201?
-1020
In base 13, what is 3 + 144?
147
In base 16, what is 1e + -2?
1c
In base 4, what is -1 - -31001?
31000
In base 2, what is -10000 - -110?
-1010
In base 4, what is -232 + 21?
-211
In base 13, what is 1 - 86?
-85
In base 6, what is 342 - 2?
340
In base 14, what is 1a + c1?
db
In base 7, what is -553 + -4?
-560
In base 6, what is 1 + -433?
-432
In base 16, what is 3 + 1da?
1dd
In base 14, what is -15 + -3dd?
-414
In base 12, what is -203b - -3?
-2038
In base 6, what is -2040 + -24?
-2104
In base 15, what is -8880 + -1?
-8881
In base 16, what is -1 + a?
9
In base 11, what is 15 + -35?
-20
In base 10, what is -3 + -143?
-146
In base 4, what is -20212 - 0?
-20212
In base 5, what is -10 + 10132?
10122
In base 5, what is 3 + -144?
-141
In base 4, what is 311 + -11?
300
In base 16, what is -1 + 17?
16
In base 16, what is 3 + -8c?
-89
In base 9, what is 5586 + -2?
5584
In base 3, what is -12 - -21201112?
21201100
In base 12, what is -6 + 59?
53
In base 5, what is 20244 - 3?
20241
In base 16, what is -f - -21b?
20c
In base 10, what is -280 - 2?
-282
In base 7, what is 6066 - 4?
6062
In base 11, what is -10a0 + -5?
-10a5
In base 15, what is 6 + 75?
7b
In base 16, what is 2fe + -9?
2f5
In base 5, what is 1143 + 1?
1144
In base 15, what is -1 + -39?
-3a
In base 7, what is -542 - 1?
-543
In base 5, what is 31 - -22?
103
In base 16, what is -1 + 5?
4
In base 14, what is 12c - 5?
127
In base 15, what is -e - -1b0?
1a1
In base 14, what is -1 + -2d7?
-2d8
In base 13, what is -24 + 9c?
78
In base 12, what is 77 + -3?
74
In base 14, what is -3b - 66?
-a3
In base 9, what is -2 + -715?
-717
In base 11, what is -1497 - 5?
-14a1
In base 6, what is -423 - 2?
-425
In base 6, what is -3 + 1344?
1341
In base 3, what is -1 - -102110212?
102110211
In base 4, what is -100 - 10?
-110
In base 16, what is 15 + 2?
17
In base 2, what is 100100000 - -11?
100100011
In base 15, what is -5 - 510?
-515
In base 7, what is -16 - -14?
-2
In base 10, what is 0 - -120?
120
In base 14, what is -1 + 7?
6
In base 12, what is -3 + -24b?
-252
In base 5, what is 2212 - -21?
2233
In base 8, what is -12 - 4?
-16
In base 6, what is -1010 - -20?
-550
In base 6, what is -102524 + 3?
-102521
In base 8, what is 63 - 2?
61
In base 5, what is 4 + -132?
-123
In base 6, what is 411 + 52?
503
In base 9, what is 1 + -1584?
-1583
In base 12, what is -17 + -14?
-2b
In base 6, what is 1 + -11?
-10
In base 10, what is -56 + -63?
-119
In base 16, what is 3 - -f?
12
In base 10, what is 301 + -4?
297
In base 7, what is 102 - -6?
111
In base 4, what is 220332 - -2?
221000
In base 12, what is -101 + -5?
-106
In base 11, what is -4 + -457?
-460
In base 5, what is -12 - -12012?
12000
In base 2, what is -1011101100101 - 1?
-1011101100110
In base 13, what is -11 - -b?
-3
In base 4, what is 1033 + -3?
1030
In base 10, what is -4 + 1651?
1647
In base 11, what is 16 + 7?
22
In base 7, what is 12 + 54?
66
In base 5, what is -10 + 120?
110
In base 7, what is -1202 + 4?
-1165
In base 2, what is -1011011110 + -101?
-1011100011
In base 4, what is 20 - 10032?
-10012
In base 11, what is 740 - 2?
739
In base 16, what is 1 - -22?
23
In base 14, what is -32 + 2?
-30
In base 16, what is 5 + 241?
246
In base 6, what is -551 - 4?
-555
In base 9, what is -20 - 8?
-28
In base 4, what is -12111 + -2?
-12113
In base 16, what is -68 + -2?
-6a
In base 13, what is 5 + -24?
-1c
In base 8, what is -156 + 2?
-154
In base 3, what is 2000 + 21000?
100000
In base 15, what is -12 - -4cd?
4bb
In base 13, what is -4 - -796?
792
In base 8, what is -163 - -45?
-116
In base 7, what is 35023 - 2?
35021
In base 16, what is f - -18?
27
In base 6, what is 15 - 23?
-4
In base 9, what is -1600 + 1?
-1588
In base 10, what is -1 + 1221?
1220
In base 15, what is -2 - -896?
894
In base 3, what is -11 + -100100?
-100111
In base 15, what is -1 - -844?
843
In base 16, what is -16c - -3?
-169
In base 6, what is 3 - 35555?
-35552
In base 10, what is -2 - 3350?
-3352
In base 11, what is 9 - 21?
-13
In base 3, what is 1012022 + 102?
1012201
In base 12, what is -3770 - 1?
-3771
In base 4, what is 223 + 12?
301
In base 12, what is 29 - 3?
26
In base 12, what is 10944 + -5?
1093b
In base 14, what is 7a9 + -6?
7a3
In base 13, what is 5 - -c2?
c7
In base 3, what is 10 - 110?
-100
In base 5, what is 1 + 144?
200
In base 14, what is -4 - -57?
53
In base 15, what is -a + -17b?
-186
In base 9, what is 21 + -1103?
-1072
In base 15, what is 1e - b?
13
In base 7, what is 2 + -105?
-103
In base 4, what is -1323 - 10?
-1333
In base 10, what is -1 - 158?
-159
In base 3, what is -10200 + 12?
-10111
In base 16, what is 1 + 68?
69
In base 5, what is -2 - -304?
302
In base 16, what is 11 + c?
1d
In base 2, what is 10 - -10010100011?
10010100101
In base 10, what is -56 - -4?
-52
In base 15, what is 0 - -2c5?
2c5
In base 7, what is -101004 + 0?
-101004
In base 16, what is -2 - 26c?
-26e
In base 15, what is 5 + 83?
88
In base 7, what is -24 + -3?
-30
In base 5, what is 23213 - -1?
23214
In base 4, what is -201013 + -2?
-201021
In base 10, what is -318 + 4?
-314
In base 2, what is -100 + 101101?
101001
In base 16, what is 79 + -1?
78
In base 7, what is -201 - 1?
-202
In base 5, what is 23 + 122?
200
In base 14, what is -826 - -2?
-824
In base 12, what is -17 - 240?
-257
In base 3, what is 1100 + 20112?
21212
In base 15, what is 2 - 53?
-51
In base 9, what is 2716 - -2?
2718
In base 11, what is 595 - 7?
589
In base 12, what is -14b4 - -2?
-14b2
In base 5, what is 10 + 20000?
20010
In base 7, what is 3 + 231?
234
In base 3, what is 2 - -100?
102
In base 16, what is -8 + -7?
-f
In base 2, what is 1 + -11001?
-11000
In base 6, what is 1 - 20?
-15
In base 6, what is 235 + -20?
215
In base 8, what is 4 - 31?
-25
In base 2, what is 11100 + 10000010?
10011110
In base 7, what is -1 + 10013?
10012
In base 7, what is 2022 - 60?
1632
In base 5, what is 302143 - -1?
302144
In base 15, what is 9 + -5?
4
In base 13, what is 4 - a?
-6
In base 2, what is -1 - -100110111?
100110110
In base 2, what is 1100110100 - -1000?
1100111100
In base 7, what is -241 - -1?
-240
In base 6, what is 41 - -102?
143
In base 9, what is 105 - -3?
108
In base 12, what is -a72a + 2?
-a728
In base 9, what is -178 - -7?
-171
In base 16, what is f + 53?
62
In base 12, what is -4 - -400?
3b8
In base 2, what is -1001 - -10100011?
10011010
In base 2, what is 10001 - 110011?
-100010
In base 5, what is -10 + 2214?
2204
In base 8, what is 417 - 21?
376
In base 5, what is -10420 + -2?
-10422
In base 11, what is 2 + -122a?
-1228
In base 2, what is -110 - 1010011?
-1011001
In base 2, what is 101111001 - 1000110?
100110011
In base 6, what is 2 - -33?
35
In base 3, what is -111110 + 12?
-111021
In base 15, what is -47 - -2?
-45
In base 11, what is 4 + -10?
-7
In base 2, what is -110 - -11010001?
11001011
In base 2, what is 1 + -110001?
-110000
In base 12, what is 4 - 74?
-70
In base 8, what is 55 - 1?
54
In base 14, what is 442 - 5?
43b
In base 11, what is 648 + 5?
652
In base 13, what is -542 - -2?
-540
In base 6, what is 3 + -2?
1
In base 15, what is 95 + -5?
90
In base 6, what is 5 + 1031?
1040
In base 2, what is -1111 - 10?
-10001
In base 11, what is 2 - -6a?
71
In base 5, what is 144 + -4?
140
In base 16, what is 3 - 27?
-24
In base 4, what is 1212000 + 2?
1212002
In base 5, what is 10001 - 1?
10000
In base 15, what is -43 - b9?
-10c
In base 13, what is 758 - 12?
746
In base 3, what is 10 + -200?
-120
In base 7, what is 221 + 4?
225
In base 10, what is 541 - 5?
536
In base 11, what is 3 + 95?
98
In base 2, what is -110000 + 1000?
-101000
In base 6, what is -1201 + 32?
-1125
In base 8, what is -6 - -165?
157
In base 15, what is 21a + -15?
205
In base 7, what is -3 + -3510?
-3513
In base 16, what is 3e + 4a?
88
In base 12, 